0310023301
-410369 (base 11) to base 6
-22044123
What is 264706 (base 15) in base 7?
21422244
Convert 33154505 (base 7) to base 8.
12706172
What is 11111001000000111 (base 2) in base 3?
20110220001
220476 (base 8) to base 11
506a5
What is -32060647 (base 8) in base 12?
-235a91b
Convert -21000022010 (base 3) to base 16.
-21b10
74bda (base 15) to base 12
15a537
What is 101120112001212 (base 3) in base 2?
10101011100000011000111
-108b33 (base 12) to base 3
-111102112010
What is -234397 (base 10) in base 5?
-30000042
206540 (base 10) to base 4
302123030
Convert 1001111110111100011 (base 2) to base 4.
1033313203
What is -12044320231 (base 5) in base 12?
-485b1ba
What is 45044 (base 7) in base 9?
16512
-17743 (base 13) to base 4
-23001322
Convert 4510313 (base 6) to base 15.
4737c
-320011132 (base 5) to base 3
-2111111221011
What is 11220110200 (base 3) in base 4?
113210322
223478 (base 9) to base 7
1065044
What is 1031303213 (base 4) in base 14?
841dd
What is 1113ac (base 15) in base 12?
333230
Convert -127b (base 15) to base 9.
-5358
Convert -5aeb5 (base 15) to base 2.
-1000110110110010011
166769 (base 12) to base 16
5dec1
Convert -100111101011101010001 (base 2) to base 6.
-43511533
110231321 (base 4) to base 13
2c816
92dd7 (base 16) to base 8
2226727
What is -98b8 (base 15) in base 8?
-77134
1101000001101011011 (base 2) to base 3
210200112000
Convert -110044201 (base 5) to base 7.
-4003341
120362 (base 8) to base 12
1ba16
What is -8976938 (base 10) in base 11?
-5081563
Convert -1ce193 (base 16) to base 7.
-22042144
1a0066 (base 11) to base 12
129b79
What is -19608 (base 13) in base 9?
-74630
What is 856ff (base 16) in base 12?
224367
Convert 92fd3 (base 16) to base 4.
2102333103
74277 (base 14) to base 10
280385
Convert -654279 (base 14) to base 7.
-41105312
What is -14606 (base 9) in base 10?
-9969
Convert 376fc (base 16) to base 9.
375427
What is 7612164 (base 8) in base 2?
111110001010001110100
What is -62110660 (base 7) in base 8?
-23644504
What is -131330 (base 8) in base 16?
-b2d8
Convert -211341453 (base 6) to base 4.
-32022322221
Convert -17a5a (base 12) to base 5.
-2044332
What is 564747 (base 9) in base 2?
1010010100011011001
What is 3efb (base 16) in base 6?
202351
What is 1111000101001100110 (base 2) in base 9?
832801
What is 2c76c8 (base 16) in base 5?
1221221432
What is -1110011001000010101101 (base 2) in base 10?
-3772589
Convert 22548872 (base 9) to base 16.
a73036
-b32bb1 (base 14) to base 16
-5c2647
Convert b9d (base 15) to base 14.
d55
Convert -202154505 (base 6) to base 2.
-1101001110101001001001
Convert -1b7ac (base 14) to base 6.
-1300352
Convert -2253041 (base 6) to base 16.
-1c531
Convert 8c7230 (base 13) to base 16.
32cb40
804a4 (base 12) to base 5
20312323
What is 661610 (base 8) in base 6?
4432104
-41712715 (base 8) to base 15
-ba7c09
What is 44240025 (base 6) in base 10?
1327121
What is -12003 (base 14) in base 10?
-43907
Convert -2bde1 (base 16) to base 4.
-223313201
-2605999 (base 13) to base 10
-11894008
What is 100110101001100100 (base 2) in base 15?
31d8d
3c94b (base 16) to base 7
2052303
What is -231443411 (base 5) in base 16?
-ff8cb
3b99563 (base 12) to base 8
55306333
What is -70d376 (base 14) in base 11?
-2166935
Convert -3035035 (base 6) to base 9.
-240755
What is 52522 (base 11) in base 2?
10010101011010000
What is -662124 (base 8) in base 9?
-367831
Convert 402232402 (base 5) to base 6.
54201415
Convert 7851586 (base 10) to base 6.
440141534
What is 43360401 (base 7) in base 11?
2105a96
What is 215114 (base 6) in base 3?
220122201
What is -144454 (base 10) in base 3?
-21100011011
What is -70738 (base 14) in base 8?
-1017776
Convert 2221112112212 (base 3) to base 8.
5761574
What is 110ada1 (base 15) in base 5?
11104434301
What is 30305012 (base 6) in base 10?
864224
-111000010110001100001 (base 2) to base 8
-7026141
Convert b6430 (base 13) to base 5.
40444233
What is -121121 (base 7) in base 11?
-155a5
1022211120 (base 3) to base 7
136110
-25ba9 (base 13) to base 11
-48742
What is -166228 (base 9) in base 10?
-102977
Convert -3160731 (base 12) to base 9.
-18503381
Convert 39c1b (base 14) to base 11.
97a23
Convert 111530341 (base 6) to base 5.
1011032414
-1146662 (base 8) to base 12
-132216
2347202 (base 8) to base 11
3a9954
Convert -2102210013 (base 4) to base 13.
-180330
What is 775464 (base 10) in base 3?
1110101201220
100000212202 (base 3) to base 11
111636
What is 6be30 (base 16) in base 8?
1537060
What is -134a73 (base 14) in base 4?
-2202213331
26471762 (base 9) to base 10
13038059
Convert -10000111001001001100 (base 2) to base 3.
-1001010022210
What is -b2c5d (base 15) in base 10?
-566413
Convert 25386 (base 13) to base 2.
10000110001110100
Convert -6b88b (base 16) to base 12.
-192a8b
Convert -273221a (base 11) to base 13.
-c92224
Convert 229618 (base 10) to base 7.
1644304
Convert -1110001110110100010 (base 2) to base 6.
-13554550
What is -305001 (base 6) in base 3?
-1020111001
What is -2904 (base 10) in base 5?
-43104
Convert 11032014 (base 5) to base 16.
1768c
What is -1a2944a (base 11) in base 2?
-1101000011111001111110
What is 1359d1 (base 14) in base 5?
132344424
42c93 (base 16) to base 2
1000010110010010011
Convert -234413444 (base 5) to base 11.
-68627a
What is -222312032 (base 4) in base 9?
-286662
Convert -108d4c (base 16) to base 11.
-680a95
1bc833 (base 14) to base 16
f2e7d
What is -237682 (base 12) in base 9?
-1062818
What is -4397208 (base 10) in base 8?
-20614230
What is -110111000011001 (base 2) in base 14?
-a3b3
Convert 102111012002 (base 3) to base 10.
226127
Convert -a1610 (base 14) to base 8.
-1365776
What is 30112330 (base 5) in base 8?
721601
Convert -231203110 (base 4) to base 15.
-3a43a
Convert 79838 (base 15) to base 16.
5e62b
Convert 6506024 (base 7) to base 14.
1688bb
a718b (base 15) to base 3
222221100012
Convert 12233033111 (base 4) to base 11.
aa70aa
Convert 102101 (base 13) to base 16.
5bc31
What is -1745204 (base 9) in base 5?
-222143324
What is 62563 (base 15) in base 11?
1a3220
Convert 3639917 (base 10) to base 9.
6757022
Convert -1027a7 (base 11) to base 3.
-22100220011
What is d63689 (base 14) in base 16?
6e58f9
Convert -951a1 (base 13) to base 7.
-2165213
What is 101111011010000101 (base 2) in base 13?
6a500
What is -235057 (base 8) in base 10?
-80431
What is -10001110000101010110 (base 2) in base 15?
-b7684
Convert 163222 (base 14) to base 16.
bdb0e
-16269 (base 11) to base 13
-a59c
1110110000100100100 (base 2) to base 6
14210552
What is 2aab7 (base 12) in base 7?
340615
Convert -1032220421 (base 6) to base 4.
-222010221331
-1b93333 (base 12) to base 11
-3380380
757055 (base 13) to base 16
2a12b9
What is 5441018 (base 10) in base 9?
11212605
What is 111010110000 (base 2) in base 8?
7260
Convert 1bd9 (base 16) to base 9.
10701
What is -1010101000010110 (base 2) in base 3?
-2012201200
Convert -231020133 (base 4) to base 12.
-8ab93
What is -323750 (base 14) in base 12?
-69b94a
Convert 13241 (base 6) to base 16.
7f9
-1a6c0 (base 15) to base 14
-23441
c89bc (base 14) to base 6
14220442
2074533 (base 9) to base 14
20d440
What is 12010120212 (base 3) in base 6?
2055422
-123110020 (base 4) to base 2
-11011010100001000
What is 120122110000 (base 3) in base 5?
34323322
What is 6cc08 (base 16) in base 7?
3533453
What is -17115374 (base 8) in base 15?
-536c91
Convert 100222311 (base 4) to base 8.
205265
133704 (base 13) to base 16
71772
What is 1303800 (base 9) in base 11?
446559
What is 122301222001 (base 4) in base 6?
410240001
What is -32142224 (base 5) in base 14?
-70d76
1020031031100 (base 4) to base 15
19dd679
What is 5353332 (base 7) in base 9?
1203170
What is 321237 (base 12) in base 15?
109137
-1110011111110100 (base 2) to base 13
-21049
What is 22a6c7 (base 14) in base 4?
10200121113
-204221400 (base 5) to base 12
-350903
Convert -4745718 (base 9) to base 13.
-6bc780
-245634 (base 9) to base 2
-100100010000011000
What is -161351 (base 9) in base 15?
-1e6dd
Convert -10342143 (base 6) to base 14.
-80835
71a89 (base 12) to base 6
3103053
What is 92455 (base 12) in base 2?
101110100100000001
What is 1110202031 (base 4) in base 15?
6c8d8
Convert -1003131112 (base 4) to base 6.
-5531114
-43041 (base 13) to base 7
-1012305
-827855 (base 9) to base 4
-1313330303
Conver